41
What is (-7 + 6 + 23 - (6 + -2)) + 78?
96
Evaluate (3 - (5 + -3 + -12) - 20) + 0 + 0.
-7
What is the value of 6 - ((-8 - -26) + -11 + -16 + (23 - 3))?
-5
What is the value of (4 + -2 - -8) + -1867 + 1808?
-49
What is -14 - (56 + -43 - (10 + 11 - -1))?
-5
Evaluate -78 + -1 - (-40 + 92 - 80 - -37).
-88
5 + -2 + 12 + -4 + (14 - 1)
24
Calculate -70 + 111 - 151 - -99.
-11
Calculate 39 + -58 - (5 + -6) - -57.
39
Evaluate (47 - (-2 + 24)) + (-4 - -7) + -15 + 77.
90
What is (42 - 28) + -15 + (-2 - (8 + 0 + 2))?
-13
Evaluate 24 + (29 - 52) + (3 - (-7 + -84 - -5)).
90
-30 + (12 - (13 + (-2 - 9))) + -24
-44
What is -12 + -1 + 4 - (-29 - (-47 - -23))?
-4
128 - 107 - (-33 + 0)
54
What is (73 + -47 - (2 - -24)) + (0 - 0) - -11?
11
What is -54 + -92 + (30 - -90)?
-26
What is the value of 14128 - 14047 - (0 - -73)?
8
Evaluate 1 + -141 + 415 + -301 + -82.
-108
Calculate 1 + -35 - (33 + -43 + -10).
-14
Calculate (10 - 0) + -1 + (-2905 - -2877).
-19
Calculate -9 - ((0 - 21) + 31 + -7).
-12
Calculate 38 - (20 - (-2 + -1)).
15
Calculate -31 - -28 - ((4 - -2) + (-3 - 123)) - 10.
107
What is -19 - (-21 - (3 + (-18 + -80 - -6)))?
-87
What is 22 + (-59 - -41) + 35?
39
Calculate -18 + (7 - (43 - (24 + -8))) + -5.
-43
Calculate 9 + -17 + (-18 + 10 - 7 - -21).
-2
What is 29 - (-75 + 75 - (67 + 13))?
109
Evaluate 4 + -4 + -58 + 32 + 25 + 62.
61
Evaluate -3 + 6 + -9 - 78 - (-28 - (-47 + 23)).
-80
What is the value of (33 - 16) + (0 - 4) + -20 + -14 + 43?
22
(111 - -57) + -94 + -149
-75
What is the value of -8 - (-36 - 40 - -46)?
22
-11 + 3 + (-3 - 3) + (-8 - -37)
15
Calculate 94 - 83 - ((52 - 1 - (-14 - -14)) + 1).
-41
Calculate 0 + 26 + (-368 - -352) + (-6 + 8 - 3).
9
What is -31 - (-10 - (-47 - 6))?
-74
Evaluate -1 + -4 + 5 + 25 + (-4 - 61).
-40
36 + 14 - (32 - -20)
-2
Calculate 108 + (18 - (30 + 55)).
41
-3 + (-6 - -10 - (41 + 0)) + 1 + 8
-31
What is -69 + 59 + -24 - 19?
-53
What is 17 + (-9 - (1 - 9)) + 1 + -12 + -60?
-55
What is the value of 9 + 6 + (40 - 51) - -4?
8
What is the value of 14 + (-47 - 5) + 26?
-12
What is the value of -10 + (-18 - -111 - 16) + -27?
40
Evaluate (13 - 0) + -99 + -42 + 73.
-55
What is -658 - -639 - (27 - -3)?
-49
What is the value of -79 - (-1 + -25 + 11) - 33?
-97
What is the value of -8 + -27 + (-1 - (-7 + 9)) + 0?
-38
10 - (10 - 2 - -1 - 19 - -10)
10
Calculate 99 - ((47 - 25) + 21).
56
What is 10 + -103 + -16 + 199?
90
What is -91 + 18 + -25 + (12 - 19 - -19) + -3?
-89
What is the value of (-3 + -26 + 33 - -38) + 21?
63
Evaluate (7 - (-16 - 8)) + -237 + 79.
-127
What is 299 - 321 - (-106 - -1) - (-4 - 0)?
87
Calculate 23 + (0 - 1 - 12) - ((-4 - -17) + 3).
-6
Evaluate 69 - ((-158 - -26) + 89).
112
Evaluate 8 + -1 + (57 - -3 - (-25 + 22)) + -10.
60
What is (-4 - (2 - 3)) + (-10 - 2) + (131 - 124)?
-8
4 - ((-3 + 12 - 18) + (0 - -23)) - 8
-18
Evaluate (336 - 305) + (-91 - -4).
-56
What is the value of -280 - (-218 - 79) - (-1 - -60)?
-42
What is -8 + (12 - (-8 - -9)) + (-8 - -6) - -63?
64
What is the value of 0 + (-118 - (19 - (1 - 2))) + 3?
-135
What is the value of 16 - -4 - (82 + -94)?
32
Evaluate -26 + -10 + 13 + -27 - -10.
-40
Calculate -3 - 1 - (-78 + 16) - (3 - 3 - -2).
56
Calculate 10 - -1 - -1 - 12 - 55 - -1.
-54
Evaluate (26 - -8) + -46 - (-21 - 0) - (44 + 1).
-36
34 + -7 + 1 + -29 - 5
-6
Calculate (-3 + 1 - (1 - -1)) + (31 - -75 - 111).
-9
What is 32 + -14 + (-2 - 15)?
1
Evaluate -11 + -2 + -48 + 95 - ((-1 - -9) + 0).
26
Evaluate -15 - (-6 + -3 - (11 + -17 - (-6 + 4))).
-10
What is the value of -4 + -26 + -11 + 9 + -36 + 21?
-47
What is (43 - -64) + -120 + (-2 - -6 - -27)?
18
What is 88 - (20 - (5 - (-9 - -7)))?
75
Calculate 70 + (15 - (0 + 5) - (-49 + 47)).
82
41 + (-88 + -28 - -127)
52
(-14 + 5 - -7) + (-9 - (9 - 21))
1
What is the value of 27 - -2 - (-2694 - -2800)?
-77
What is 5 + -18 - ((28 - 9) + 13 + (61 - -11))?
-117
(-28 - (14 + -24) - -2) + 13 + 2
-1
What is -32 - (-13 - -5 - -1 - (-2 + -2))?
-29
What is the value of 97 - (-7 + 58) - -7?
53
Evaluate (37 - 24) + -18 - 30 - -105.
70
What is the value of -353 + 366 - ((-5 - -5) + -26)?
39
Evaluate (-15 - -1) + 14 + -29 + 36 + (-2 - 21).
-16
What is the value of 15 + -10 + 11 + 1 + -7 - (-11 - -23)?
-2
What is 10 + 103 + (-47 - 4)?
62
Calculate -70 - -4 - (2 - 0) - (-1263 - -1253).
-58
Evaluate 31 + (-25 - 40) - -7.
-27
-19 - (1 + -4 + (-113 - -77)) - -18
38
What is the value of (109 - 12 - 12) + -30 + 2?
57
Calculate -51 + -21 + (5 - 5 - -40) + -9 + 1.
-40
Evaluate 106 + (41 - (186 + 4)).
-43
(24 - (-13 - (-13 + 11) - -7)) + -7
21
Evaluate 41 + -2 - (102 - (130 - 22)).
45
What is 4 + -11 + 36 + -5 - 52?
-28
Evaluate 17 + ((-7 - 13) + 14 - -19) + -4.
26
0 + (-118 - -140) + -61 + -1
-40
Evaluate -18 - 1 - (-2 - -28 - -16 - 37).
-24
Evaluate -67 + -2 + 4 + (-5974 - -5986).
-53
What is (-12 - -15) + (-8 - 0 - -2 - (22 - 77))?
52
Calculate 17 - (-13 + (-4 + -4 - -2) + -8).
44
What is 38 - 108 - (6 - 14 - 19)?
-43
(68 - 58) + (10 - 2) + -9
9
Evaluate 178 - ((-12 - -184) + -90).
96
Calculate 222 + (-28 - 60) + -60.
74
What is 9 - (1 + (41 - 11)) - 16?
-38
What is the value of -1 - -84 - (-1925 - -1981)?
27
-2 + -19 + 36 - (-11 - -33)
-7
What is the value of 8 - ((-39 - -61) + -23) - (-1 + 11)?
-1
Evaluate (-105 - -101) + (-7 - (-2 + 2)) - (-57 + 0).
46
Calculate 12 + ((-2 - -13) + -10 - 35) + 11.
-11
What is the value of 2264 + -2329 + (-1 - -65)?
-1
Evaluate 17 + -1 + -3 + 19 + -21 + -133.
-122
What is the value of 138 - 1 - (2056 + -1991)?
72
Calculate -1 + 1 + 15 + (-57 + 176 - 106).
28
Calculate (4 - (-1 - 4 - (-1 + -28))) + 7.
-13
Evaluate -87 - (70 + (-104 - -41)).
-94
(6049 - 6052) + (-3 + 7 + -2 - (1 + -3))
1
What is 23 - (7 - 6 - -80) - -23?
-35
What is (31 - -2) + 269 + -212 - 6?
84
What is -101 - -59 - (-5 + -7)?
-30
Evaluate -31 + 12 + (71 - 16).
36
What is -2 + (-10 - (26 + 9) - 20)?
-67
Calculate -68 + -10 + 3 + -20 - -32.
-63
Calculate (594 - 625) + (0 + 6 + 1 - (7 - 3)).
-28
What is the value of 13 + -68 + 62 + 3?
10
What is -62 - ((-36 - -10) + 31 - 33)?
-34
Evaluate (25 - 14) + (-18 - -3 - (-2 + -8)).
6
Calculate -20 - (17 - (-34 - (31 + -93))).
-9
What is -42 + 0 + (34 - 76 - -65)?
-19
What is the value of (-1138 - -1138) + (-2 + -1 + -10 - (0 - 3))?
-10
What is the value of (11 - -8) + (-164 - -113)?
-32
Calculate -92 + (-12 - -88) + -30.
-46
20422 - 20484 - (-1 + 1 + -8)
-54
-2 + -25 + 25 + (10 - 6) - -66
68
Evaluate -3 + 42 - (-38 - -45 - -14).
18
Calculate 6 + (-57 + 56 - -6).
11
23 - (97 + -66 + -8)
0
Calculate (-20 - -1) + (78 + 20 - (36 + 3)).
40
Calculate -74 + -5 + -10 - (-42 - -15).
-62
Calculate 9 - 4 - (-33 + -20 + 34).
24
-41 - (52 + -38) - -42 - 31
-44
Evaluate 39 - -5 - (-91 + (64 - -29)).
42
11 + (8 - (-13 + 81) - -9)
-40
Evaluate 3 + 68 - (-21 - (-32 + (22 - 21))).
61
What is -10 + 3 + (-11 - 4) + 14 - (0 + 2)?
-10
-96 - -81 - (28 - -2) - (5 - (-2 - -2))
-50
What is 3 - (17 - (16 + 12)) - (1 + -3 - 4)?
20
What is the value of -72 + -21 + (-2 - (14 + -50))?
-59
What is 13 + (158 - 80) - 113?
-22
Evaluate (-170 - -152 - (19 - 3)) + (-17 - -4 - 0).
-47
What is -16 - (-4 + (-1 + -1 - (2 - 6 - 0)))?
-14
7 + -7 - (10 - (6 - (-8 - 7)) - -52)
-41
57 + -2 - (1690 - 1661)
26
What is -35 - -1 - (-444 + 458) - 21?
-69
What is the value of 56 - 65 - (-7 - (38 + (4 - -7 - 8)))?
39
What is 1 + -4 + (14 - (-12 - -57) - -29)?
-5
What is the value of -13 + -2 + -5 + (-32 - 13) + 15?
-50
Evaluate (-70 - 0) + 6746 + -6595.
81
0 + -15 + (69 - -13 - 46)
21
Calculate -30 - (-1 + (2 - 45) + -3).
17
What is the value of -4 + (-1 - (3 + -4) - 1) + 7 + -66?
-64
Calculate -87 + -23 + (12 + -12 - (9 - 1)).
-118
Calculate -42 + 152 + -69 - 5.
36
Evaluate 91 + 6 + -1 + (16 - 37).
75
31 - (-1 - (-6 + -41 + -1))
-16
(-30 - (-9 - 75)) + -92
-38
(0 - 28) + (-118 - (44 + -185))
-5
Evaluate 370 + -377 + (49 - -1) - -61.
104
Calculate 9 - ((-7 - -19) + 0 + (-54 - -5 - 10)).
56
(2 - 70 - -1) + (-46 - -67) + -7 + -30
-83
Calculate 0 + 27 - (-4575 + 4643).
-41
Calculate -60 + 6 + 38 - -5.
-11
What is -7 + (-18 - 29) - -10?
-44
What is the value of 49 + (21 + 0 - 95)?
-25
What is the value of 45 + (-86 - 2) + 52?
9
Evaluate (-123 - -59) + 11 + 96.
43
Calculate -34 + (-31 - -46) + -20.
-39
(-3 - (6 - 5 - 59)) + (26 - 14) + -15
52
Calculate 71 - (11 + 17 + -20 - -12).
51
37 + (-1